{"id":218,"date":"2024-09-22T23:44:40","date_gmt":"2024-09-22T21:44:40","guid":{"rendered":"https:\/\/mexico.event-time.cz\/mexico\/?page_id=218"},"modified":"2024-09-23T09:36:25","modified_gmt":"2024-09-23T07:36:25","slug":"mexico-party-galerie","status":"publish","type":"page","link":"https:\/\/mexico.event-time.cz\/mexico\/","title":{"rendered":"MEXICO PARTY &#8211; galerie"},"content":{"rendered":"<p>[et_pb_section fb_built=&#8220;1&#8243; _builder_version=&#8220;4.24.2&#8243; _module_preset=&#8220;default&#8220; background_color=&#8220;#8300E9&#8243; background_image=&#8220;https:\/\/mexico.event-time.cz\/mexico\/wp-content\/uploads\/2024\/03\/Bez-nazvu-2.png&#8220; custom_padding=&#8220;||97px|||&#8220; global_colors_info=&#8220;{}&#8220;][et_pb_row _builder_version=&#8220;4.27.0&#8243; _module_preset=&#8220;default&#8220; module_alignment=&#8220;center&#8220; module_alignment_tablet=&#8220;center&#8220; module_alignment_phone=&#8220;center&#8220; module_alignment_last_edited=&#8220;on|phone&#8220; global_colors_info=&#8220;{}&#8220;][et_pb_column type=&#8220;4_4&#8243; _builder_version=&#8220;4.24.2&#8243; _module_preset=&#8220;default&#8220; global_colors_info=&#8220;{}&#8220;][et_pb_image src=&#8220;https:\/\/mexico.event-time.cz\/mexico\/wp-content\/uploads\/2024\/03\/Bez-nazvu-1.png&#8220; title_text=&#8220;Bez n\u00e1zvu-1&#8243; _builder_version=&#8220;4.24.2&#8243; _module_preset=&#8220;default&#8220; transform_scale_tablet=&#8220;&#8220; transform_scale_phone=&#8220;63%|63%&#8220; transform_scale_last_edited=&#8220;on|phone&#8220; transform_translate=&#8220;830px|-134px&#8220; transform_translate_tablet=&#8220;830px|-134px&#8220; transform_translate_phone=&#8220;201px|-229px&#8220; transform_translate_last_edited=&#8220;on|phone&#8220; transform_translate_linked=&#8220;off&#8220; transform_rotate_tablet=&#8220;&#8220; transform_rotate_phone=&#8220;&#8220; transform_rotate_last_edited=&#8220;on|phone&#8220; transform_skew_tablet=&#8220;&#8220; transform_skew_phone=&#8220;&#8220; transform_skew_last_edited=&#8220;on|phone&#8220; transform_origin_tablet=&#8220;&#8220; transform_origin_phone=&#8220;&#8220; transform_origin_last_edited=&#8220;on|phone&#8220; transform_styles_last_edited=&#8220;on|phone&#8220; width=&#8220;50%&#8220; width_tablet=&#8220;50%&#8220; width_phone=&#8220;95%&#8220; width_last_edited=&#8220;on|phone&#8220; module_alignment=&#8220;center&#8220; custom_margin=&#8220;||-406px||false|false&#8220; custom_margin_tablet=&#8220;||-406px||false|false&#8220; custom_margin_phone=&#8220;||-253px||false|false&#8220; custom_margin_last_edited=&#8220;on|phone&#8220; transform_styles_tablet=&#8220;&#8220; transform_styles_phone=&#8220;&#8220; global_colors_info=&#8220;{}&#8220;][\/et_pb_image][et_pb_image src=&#8220;https:\/\/mexico.event-time.cz\/mexico\/wp-content\/uploads\/2024\/09\/zasedaci_A1_logo.png&#8220; title_text=&#8220;zasedaci_A1_logo&#8220; _builder_version=&#8220;4.27.0&#8243; _module_preset=&#8220;default&#8220; width=&#8220;50%&#8220; width_tablet=&#8220;50%&#8220; width_phone=&#8220;95%&#8220; width_last_edited=&#8220;on|phone&#8220; module_alignment=&#8220;center&#8220; global_colors_info=&#8220;{}&#8220;][\/et_pb_image][et_pb_text _builder_version=&#8220;4.27.0&#8243; _module_preset=&#8220;default&#8220; header_2_font=&#8220;Montserrat|800||on|||||&#8220; header_2_text_align=&#8220;center&#8220; header_2_text_color=&#8220;#FFFFFF&#8220; header_2_font_size=&#8220;48px&#8220; global_colors_info=&#8220;{}&#8220;]<\/p>\n<h2><span>Zdrav\u00edm v\u0161echny <\/span><\/h2>\n<h2><span>se\u0148ory a se\u0148ority\u00a0<\/span><\/h2>\n<p>[\/et_pb_text][et_pb_text _builder_version=&#8220;4.27.0&#8243; _module_preset=&#8220;default&#8220; text_font=&#8220;Montserrat||||||||&#8220; text_text_color=&#8220;#FFFFFF&#8220; text_font_size=&#8220;18px&#8220; text_line_height=&#8220;1.8em&#8220; header_2_font=&#8220;Montserrat|700||on|||||&#8220; header_2_text_align=&#8220;center&#8220; header_2_text_color=&#8220;#FFFFFF&#8220; header_2_font_size=&#8220;48px&#8220; text_orientation=&#8220;center&#8220; width=&#8220;50%&#8220; width_tablet=&#8220;50%&#8220; width_phone=&#8220;80%&#8220; width_last_edited=&#8220;on|phone&#8220; module_alignment=&#8220;center&#8220; text_font_size_tablet=&#8220;18px&#8220; text_font_size_phone=&#8220;15px&#8220; text_font_size_last_edited=&#8220;on|phone&#8220; global_colors_info=&#8220;{}&#8220;]<\/p>\n<p>Ub\u011bhlo p\u00e1r dn\u00ed od moj\u00ed Mexico p\u00e1rty a j\u00e1 bych v\u00e1m r\u00e1d<br \/>pod\u011bkoval za atmosf\u00e9ru,\u00a0 jakou jste vytvo\u0159ili. Velk\u00e9 d\u00edky za origin\u00e1ln\u00ed kost\u00fdmy, \u00fa\u017easn\u00e9 dary a za va\u0161i spole\u010dnost.<br \/>Douf\u00e1m, \u017ee jste si &#8222;v\u00fdlet&#8220; do Mexika u\u017eili jako j\u00e1!!<\/p>\n<p><strong>M\u00e1m v\u00e1s r\u00e1d:)<\/strong><br \/><strong>V\u00e1\u0161 \u00c1\u0161a<\/strong><\/p>\n<p>Ur\u010dit\u011b jste zv\u011bdav\u00ed,<br \/>jak v\u00e1m to na akci slu\u0161elo:)<br \/><strong>Mrkn\u011bte na to!<\/strong><\/p>\n<p>[\/et_pb_text][\/et_pb_column][\/et_pb_row][et_pb_row column_structure=&#8220;1_4,1_4,1_4,1_4&#8243; _builder_version=&#8220;4.27.0&#8243; _module_preset=&#8220;default&#8220; global_colors_info=&#8220;{}&#8220;][et_pb_column type=&#8220;1_4&#8243; _builder_version=&#8220;4.27.0&#8243; _module_preset=&#8220;default&#8220; global_colors_info=&#8220;{}&#8220;][\/et_pb_column][et_pb_column type=&#8220;1_4&#8243; _builder_version=&#8220;4.27.0&#8243; _module_preset=&#8220;default&#8220; global_colors_info=&#8220;{}&#8220;][et_pb_button button_url=&#8220;https:\/\/mexico.event-time.cz\/mexico\/mexico-party-foto\/&#8220; button_text=&#8220;FOTO&#8220; button_alignment=&#8220;center&#8220; _builder_version=&#8220;4.27.0&#8243; _module_preset=&#8220;default&#8220; custom_button=&#8220;on&#8220; button_text_color=&#8220;#FFFFFF&#8220; button_bg_use_color_gradient=&#8220;on&#8220; button_bg_color_gradient_direction=&#8220;90deg&#8220; button_bg_color_gradient_stops=&#8220;#00a7b3 0%|#00a3aa 85%|#0083b1 100%&#8220; button_border_width=&#8220;0px&#8220; button_border_radius=&#8220;5px&#8220; button_font=&#8220;&#8211;et_global_heading_font|800|||||||&#8220; button_icon=&#8220;&#x35;||divi||400&#8243; custom_css_main_element=&#8220;width: 100%;&#8220; global_colors_info=&#8220;{}&#8220; button_bg_color__hover_enabled=&#8220;on|hover&#8220; button_bg_color__hover=&#8220;#74b7bd&#8220; button_bg_color_gradient_stops__hover=&#8220;#00a7b3 0%|#00a3aa 7%|#0083b1 100%&#8220; button_bg_use_color_gradient__hover=&#8220;on&#8220;][\/et_pb_button][\/et_pb_column][et_pb_column type=&#8220;1_4&#8243; _builder_version=&#8220;4.27.0&#8243; _module_preset=&#8220;default&#8220; global_colors_info=&#8220;{}&#8220;][et_pb_button button_url=&#8220;https:\/\/mexico.event-time.cz\/mexico\/mexico-party-video\/&#8220; button_text=&#8220;VIDEO&#8220; button_alignment=&#8220;center&#8220; _builder_version=&#8220;4.27.0&#8243; _module_preset=&#8220;default&#8220; custom_button=&#8220;on&#8220; button_text_color=&#8220;#FFFFFF&#8220; button_bg_use_color_gradient=&#8220;on&#8220; button_bg_color_gradient_direction=&#8220;270deg&#8220; button_bg_color_gradient_stops=&#8220;#00a7b3 0%|#00a3aa 85%|#0083b1 100%&#8220; button_border_width=&#8220;0px&#8220; button_border_radius=&#8220;5px&#8220; button_font=&#8220;&#8211;et_global_heading_font|800|||||||&#8220; button_icon=&#8220;&#x34;||divi||400&#8243; button_icon_placement=&#8220;left&#8220; custom_css_main_element=&#8220;width: 100%;&#8220; global_colors_info=&#8220;{}&#8220; button_bg_color__hover_enabled=&#8220;on|hover&#8220; button_bg_color__hover=&#8220;#74b7bd&#8220; button_bg_color_gradient_stops__hover=&#8220;#00a7b3 0%|#00a3aa 7%|#0083b1 100%&#8220; button_bg_use_color_gradient__hover=&#8220;on&#8220;][\/et_pb_button][\/et_pb_column][et_pb_column type=&#8220;1_4&#8243; _builder_version=&#8220;4.27.0&#8243; _module_preset=&#8220;default&#8220; global_colors_info=&#8220;{}&#8220;][\/et_pb_column][\/et_pb_row][et_pb_row custom_padding_last_edited=&#8220;on|phone&#8220; _builder_version=&#8220;4.27.0&#8243; _module_preset=&#8220;default&#8220; width_tablet=&#8220;&#8220; width_phone=&#8220;&#8220; width_last_edited=&#8220;on|desktop&#8220; custom_padding=&#8220;157px|||||&#8220; custom_padding_tablet=&#8220;157px|||||&#8220; custom_padding_phone=&#8220;26px||||false|false&#8220; global_colors_info=&#8220;{}&#8220;][et_pb_column type=&#8220;4_4&#8243; _builder_version=&#8220;4.27.0&#8243; _module_preset=&#8220;default&#8220; global_colors_info=&#8220;{}&#8220;][et_pb_image src=&#8220;https:\/\/mexico.event-time.cz\/mexico\/wp-content\/uploads\/2024\/09\/logo_new.png&#8220; title_text=&#8220;logo_new&#8220; url=&#8220;http:\/\/www.event-time.cz&#8220; align=&#8220;center&#8220; _builder_version=&#8220;4.27.0&#8243; _module_preset=&#8220;default&#8220; width=&#8220;15%&#8220; width_tablet=&#8220;15%&#8220; width_phone=&#8220;30%&#8220; width_last_edited=&#8220;on|phone&#8220; custom_margin=&#8220;||4px|||&#8220; global_colors_info=&#8220;{}&#8220;][\/et_pb_image][et_pb_text _builder_version=&#8220;4.27.0&#8243; _module_preset=&#8220;default&#8220; text_font=&#8220;&#8211;et_global_body_font||||||||&#8220; link_font=&#8220;&#8211;et_global_body_font|900|||||||&#8220; link_text_align=&#8220;center&#8220; link_text_color=&#8220;#FFFFFF&#8220; custom_margin=&#8220;-2px|||||&#8220; hover_enabled=&#8220;0&#8243; link_font_size_tablet=&#8220;&#8220; link_font_size_phone=&#8220;11px&#8220; link_font_size_last_edited=&#8220;on|phone&#8220; global_colors_info=&#8220;{}&#8220; link_text_align_last_edited=&#8220;on|phone&#8220; sticky_enabled=&#8220;0&#8243; link_text_align_tablet=&#8220;center&#8220; link_text_align_phone=&#8220;center&#8220;]<\/p>\n<p style=\"text-align: center;\"><a href=\"http:\/\/www.event-time.cz\/\">www.event-time.cz<\/a><\/p>\n<p>[\/et_pb_text][\/et_pb_column][\/et_pb_row][\/et_pb_section][et_pb_section fb_built=&#8220;1&#8243; _builder_version=&#8220;4.27.0&#8243; _module_preset=&#8220;default&#8220; background_color=&#8220;#000000&#8243; z_index=&#8220;9999&#8243; module_alignment=&#8220;center&#8220; height=&#8220;161px&#8220; custom_margin=&#8220;||||false|false&#8220; custom_padding=&#8220;||||false|false&#8220; global_colors_info=&#8220;{}&#8220;][et_pb_row _builder_version=&#8220;4.24.2&#8243; _module_preset=&#8220;default&#8220; global_colors_info=&#8220;{}&#8220;][et_pb_column type=&#8220;4_4&#8243; _builder_version=&#8220;4.24.2&#8243; _module_preset=&#8220;default&#8220; global_colors_info=&#8220;{}&#8220;][\/et_pb_column][\/et_pb_row][\/et_pb_section]<\/p>\n","protected":false},"excerpt":{"rendered":"<p>Zdrav\u00edm v\u0161echny se\u0148ory a se\u0148ority\u00a0Ub\u011bhlo p\u00e1r dn\u00ed od moj\u00ed Mexico p\u00e1rty a j\u00e1 bych v\u00e1m r\u00e1dpod\u011bkoval za atmosf\u00e9ru,\u00a0 jakou jste vytvo\u0159ili. Velk\u00e9 d\u00edky za origin\u00e1ln\u00ed kost\u00fdmy, \u00fa\u017easn\u00e9 dary a za va\u0161i spole\u010dnost.Douf\u00e1m, \u017ee jste si &#8222;v\u00fdlet&#8220; do Mexika u\u017eili jako j\u00e1!! M\u00e1m v\u00e1s r\u00e1d:)V\u00e1\u0161 \u00c1\u0161a Ur\u010dit\u011b jste zv\u011bdav\u00ed,jak v\u00e1m to na akci slu\u0161elo:)Mrkn\u011bte na to!www.event-time.cz<\/p>\n","protected":false},"author":1,"featured_media":0,"parent":0,"menu_order":0,"comment_status":"closed","ping_status":"closed","template":"","meta":{"_et_pb_use_builder":"on","_et_pb_old_content":"","_et_gb_content_width":"","footnotes":""},"_links":{"self":[{"href":"https:\/\/mexico.event-time.cz\/mexico\/wp-json\/wp\/v2\/pages\/218"}],"collection":[{"href":"https:\/\/mexico.event-time.cz\/mexico\/wp-json\/wp\/v2\/pages"}],"about":[{"href":"https:\/\/mexico.event-time.cz\/mexico\/wp-json\/wp\/v2\/types\/page"}],"author":[{"embeddable":true,"href":"https:\/\/mexico.event-time.cz\/mexico\/wp-json\/wp\/v2\/users\/1"}],"replies":[{"embeddable":true,"href":"https:\/\/mexico.event-time.cz\/mexico\/wp-json\/wp\/v2\/comments?post=218"}],"version-history":[{"count":11,"href":"https:\/\/mexico.event-time.cz\/mexico\/wp-json\/wp\/v2\/pages\/218\/revisions"}],"predecessor-version":[{"id":255,"href":"https:\/\/mexico.event-time.cz\/mexico\/wp-json\/wp\/v2\/pages\/218\/revisions\/255"}],"wp:attachment":[{"href":"https:\/\/mexico.event-time.cz\/mexico\/wp-json\/wp\/v2\/media?parent=218"}],"curies":[{"name":"wp","href":"https:\/\/api.w.org\/{rel}","templated":true}]}}